en 2500 is divided by 179?
173
Calculate the remainder when 200139 is divided by 22.
5
What is the remainder when 3336904 is divided by 845?
844
Calculate the remainder when 9047 is divided by 41.
27
Calculate the remainder when 848898 is divided by 3659.
10
Calculate the remainder when 77658 is divided by 6469.
30
What is the remainder when 1418947 is divided by 77?
68
What is the remainder when 1250 is divided by 39?
2
Calculate the remainder when 50687 is divided by 16.
15
Calculate the remainder when 622438 is divided by 468.
466
What is the remainder when 9727 is divided by 694?
11
What is the remainder when 4829 is divided by 4808?
21
Calculate the remainder when 737 is divided by 731.
6
Calculate the remainder when 53 is divided by 51.
2
Calculate the remainder when 140 is divided by 54.
32
What is the remainder when 19431 is divided by 474?
471
What is the remainder when 9238 is divided by 487?
472
Calculate the remainder when 95829 is divided by 44.
41
Calculate the remainder when 106104 is divided by 81.
75
Calculate the remainder when 359214 is divided by 11.
9
What is the remainder when 354810 is divided by 177398?
14
What is the remainder when 92081 is divided by 71?
65
Calculate the remainder when 3621 is divided by 351.
111
Calculate the remainder when 3842 is divided by 555.
512
Calculate the remainder when 86791 is divided by 1189.
1183
What is the remainder when 2667883 is divided by 844?
843
Calculate the remainder when 209627 is divided by 794.
11
Calculate the remainder when 11332 is divided by 204.
112
What is the remainder when 1167 is divided by 1066?
101
Calculate the remainder when 355012 is divided by 88753.
0
Calculate the remainder when 2620 is divided by 137.
17
What is the remainder when 5184 is divided by 51?
33
What is the remainder when 4065 is divided by 370?
365
What is the remainder when 1501068 is divided by 105?
93
Calculate the remainder when 523682 is divided by 634.
632
What is the remainder when 427146 is divided by 13348?
10
Calculate the remainder when 5174 is divided by 27.
17
What is the remainder when 3660 is divided by 1824?
12
What is the remainder when 643 is divided by 513?
130
What is the remainder when 16116 is divided by 2016?
2004
What is the remainder when 1573685 is divided by 19?
10
What is the remainder when 1333387 is divided by 7?
6
Calculate the remainder when 861 is divided by 53.
13
What is the remainder when 57867 is divided by 643?
640
Calculate the remainder when 126643 is divided by 13.
10
What is the remainder when 16295 is divided by 56?
55
Calculate the remainder when 72929 is divided by 20.
9
What is the remainder when 224189 is divided by 124?
121
Calculate the remainder when 605870 is divided by 131.
126
What is the remainder when 14730 is divided by 131?
58
Calculate the remainder when 1978 is divided by 186.
118
What is the remainder when 407 is divided by 140?
127
Calculate the remainder when 727432 is divided by 342.
340
What is the remainder when 3420 is divided by 265?
240
What is the remainder when 145332 is divided by 3544?
28
Calculate the remainder when 12902 is divided by 7.
1
What is the remainder when 3892 is divided by 3814?
78
Calculate the remainder when 10751 is divided by 96.
95
What is the remainder when 4007862 is divided by 345?
342
What is the remainder when 3728 is divided by 155?
8
Calculate the remainder when 1819 is divided by 1386.
433
What is the remainder when 834 is divided by 400?
34
What is the remainder when 718 is divided by 193?
139
Calculate the remainder when 59721 is divided by 101.
30
What is the remainder when 99372 is divided by 75?
72
Calculate the remainder when 3031 is divided by 205.
161
Calculate the remainder when 1232054 is divided by 95.
94
Calculate the remainder when 1942833 is divided by 404.
401
What is the remainder when 337 is divided by 18?
13
Calculate the remainder when 94699 is divided by 35.
24
What is the remainder when 1373 is divided by 194?
15
What is the remainder when 203614 is divided by 288?
286
What is the remainder when 712 is divided by 234?
10
What is the remainder when 2951 is divided by 526?
321
Calculate the remainder when 446 is divided by 18.
14
Calculate the remainder when 90493 is divided by 173.
14
What is the remainder when 243117 is divided by 15?
12
What is the remainder when 11983 is divided by 11974?
9
Calculate the remainder when 10435 is divided by 78.
61
What is the remainder when 4023 is divided by 1996?
31
What is the remainder when 76852 is divided by 224?
20
Calculate the remainder when 2471 is divided by 1109.
253
Calculate the remainder when 1031 is divided by 727.
304
Calculate the remainder when 18320 is divided by 168.
8
What is the remainder when 3905 is divided by 1166?
407
What is the remainder when 9388 is divided by 41?
40
What is the remainder when 59217 is divided by 36?
33
Calculate the remainder when 74552 is divided by 57.
53
What is the remainder when 15539 is divided by 190?
149
Calculate the remainder when 12712 is divided by 6355.
2
What is the remainder when 3256 is divided by 311?
146
Calculate the remainder when 8964 is divided by 76.
72
Calculate the remainder when 9490 is divided by 9480.
10
Calculate the remainder when 42266 is divided by 73.
72
Calculate the remainder when 3922 is divided by 395.
367
What is the remainder when 14192 is divided by 91?
87
What is the remainder when 74819 is divided by 2413?
16
Calculate the remainder when 1777 is divided by 500.
277
What is the remainder when 8182 is divided by 17?
5
What is the remainder when 77670 is divided by 76?
74
Calculate the remainder when 1428916 is divided by 40.
36
What is the remainder when 3597 is divided by 205?
112
Calculate the remainder when 1298 is divided by 585.
128
What is the remainder when 140952 is divided by 46983?
3
What is the remainder when 208179 is divided by 26?
23
Calculate the remainder when 241680 is divided by 5142.
6
Calculate the remainder when 41957 is divided by 40.
37
Calculate the remainder when 620280 is divided by 88609.
17
What is the remainder when 2848 is divided by 697?
60
Calculate the remainder when 104529 is divided by 89.
43
What is the remainder when 4036 is divided by 287?
18
What is the remainder when 1234 is divided by 344?
202
What is the remainder when 28152 is divided by 2557?
25
What is the remainder when 864 is divided by 28?
24
Calculate the remainder when 165547 is divided by 8713.
0
Calculate the remainder when 49363 is divided by 17.
12
Calculate the remainder when 4945 is divided by 154.
17
Calculate the remainder when 226 is divided by 193.
33
Calculate the remainder when 831251 is divided by 22.
3
What is the remainder when 3938 is divided by 3121?
817
What is the remainder when 2446 is divided by 1867?
579
What is the remainder when 13457 is divided by 36?
29
What is the remainder when 320 is divided by 4?
0
Calculate the remainder when 1139 is divided by 436.
267
What is the remainder when 9944 is divided by 186?
86
What is the remainder when 6674 is divided by 833?
10
Calculate the remainder when 54996 is divided by 104.
84
What is the remainder when 1575 is divided by 211?
98
Calculate the remainder when 77287 is divided by 15457.
2
Calculate the remainder when 45423 is divided by 49.
0
Calculate the remainder when 194199 is divided by 24266.
71
What is the remainder when 43224 is divided by 165?
159
What is the remainder when 2409 is divided by 649?
462
What is the remainder when 43405 is divided by 2553?
4
What is the remainder when 560680 is divided by 11?
10
Calculate the remainder when 136653 is divided by 385.
363
What is the remainder when 1280 is divided by 631?
18
Calculate the remainder when 243451 is divided by 26.
13
What is the remainder when 3227 is divided by 48?
11
Calculate the remainder when 71099 is divided by 47.
35
What is the remainder when 16086 is divided by 133?
126
What is the remainder when 38614 is divided by 8?
6
Calculate the remainder when 624397 is divided by 30.
7
Calculate the remainder when 6410099 is divided by 60.
59
Calculate the remainder when 132005 is divided by 61.
1
Calculate the remainder when 949 is divided by 12.
1
What is the remainder when 2210 is divided by 421?
105
Calculate the re